posite?
False
Suppose 0 = -p + 36 - 30. Suppose 0 = -2*u + p. Suppose u*t + 1 = 16, 0 = 2*c - 2*t - 2212. Is c a composite number?
True
Let n(p) = p**3 - 6*p**2 + 3*p + 17. Suppose -72 = -4*j - 2*g + 216, -371 = -5*j + 3*g. Let v = 80 - j. Is n(v) a prime number?
False
Let s(k) = 589*k**2 + 14*k - 366. Is s(-13) a composite number?
False
Suppose 3*x - 6 = 9. Let r = 156 + -156. Suppose l - x*l + 1916 = r. Is l a prime number?
True
Let i(c) be the third derivative of 43*c**5/60 + 5*c**4/24 - 5*c**3/6 - 4*c**2 + 21. Is i(-6) a prime number?
False
Is (1426398/4)/(170/(-272)*12/(-10)) composite?
True
Let p = 32 + -16. Let g(q) = -p*q + 3*q - 75 + q + q. Is g(-14) prime?
True
Let u be (-2 - (-732)/(-4))*(-1 + -4). Suppose -u*r + 8214 = -919*r. Is r prime?
False
Let s(y) = 197*y**3 - 26*y**2 + 36*y - 6. Is s(11) a composite number?
False
Suppose -83*i = -69*i - 5313910. Is i a composite number?
True
Suppose 4*k - 242 = -26. Suppose -15*d + k = -18*d. Is (d/21)/(-3) - 32163/(-7) composite?
True
Let t(k) = -135*k**3 - 24*k**2 - 16*k - 30. Is t(-7) prime?
False
Let d = 2100 - 1021. Let q = -1679 + 3545. Let b = q - d. Is b a prime number?
True
Suppose -3*i - 610496 = -5*u, 5*i + 61469 = u - 60617. Is u a composite number?
True
Suppose 1 = -2*g - 5*y + 17, 6 = -3*y. Suppose 4213 = g*x - 4809. Is x a prime number?
False
Let k = -293 - -1033. Suppose 10177 = 3*n - 5*c, -3*n + 3*c + 10913 = k. Is n composite?
False
Let h = 580338 + -344917. Is h composite?
True
Let b be (-4)/(2 - 4) - 34/(-1). Suppose -18741 = -39*g + b*g. Is g composite?
False
Suppose -5*r = 3*n + 65 - 5, 5*n - 2*r = -100. Let v(s) = 28*s - 13. Let c be v(n). Is 1*(-3)/9*c composite?
False
Let w = 114551 + -74508. Is w a composite number?
True
Let y be (-9)/15 + -1808*18/60. Let r = -164 - y. Is r a prime number?
True
Let p = 37233 - 4636. Is p composite?
True
Let p(b) = -124 - 5*b + 344 + 27*b + 11*b. Is p(11) a composite number?
True
Suppose -p - 2874 = -5*p + 5*k, -p + 706 = 5*k. Let o = p - -435. Is o a composite number?
False
Is (7007458/(-79))/(0 + (0 - 2)) a composite number?
False
Is 2/16 + 5419385/20*93/62 prime?
False
Suppose 0 = 3*c, -3*v = c + 27711 + 31272. Let a = 8794 - 21334. Let d = a - v. Is d a composite number?
False
Let a(b) = 364*b**2 - 22*b - 201. Let h be a(-11). Let l = -23608 + h. Is l a prime number?
True
Suppose 24*c = 28*c - 20. Suppose c*z - 5768 - 6917 = 0. Is z prime?
False
Suppose 234*a = 224*a + 819870. Is a a composite number?
True
Suppose 14323*f - 14308*f - 809385 = 0. Is f a prime number?
True
Suppose -5*n = -5*t - 345900, 3*n = 14*t - 18*t + 207603. Is n prime?
False
Let n(s) = -s**3 - 10*s**2 - 22*s - 4. Let h be n(-7). Is (-115215)/(-25) + h/(-45)*-6 composite?
True
Let l be (48/(-4))/4 - 1004. Let m = l + 2404. Is m a prime number?
False
Let j(l) = -428*l - 917. Is j(-53) a prime number?
True
Let l(r) = 9*r**2 + 8*r + 8. Let i = -48 - -54. Let o be (-3)/(3/(-2)) + -19 + i. Is l(o) a composite number?
False
Let h = 22023 + -12544. Is h composite?
False
Suppose -4*i + 732 = 176. Let c = 83 - i. Is (c/(-8))/((-1)/(-37)) a prime number?
False
Let l = 102148 + -11261. Is l composite?
False
Let m(z) = 7*z - 37. Suppose 0*w - w = -5*x + 35, 4*w + 2 = -3*x. Let t be m(x). Suppose -t*j + 3*c = -0*j - 10633, 3*j - 5*c - 6367 = 0. Is j composite?
False
Let m(j) = 72*j**3 + 14*j**2 + 50*j - 443. Is m(23) composite?
True
Let b(c) = -c**3 - 3*c**2 + 2*c + 14. Suppose -2*d = -z, 3*d + 35 = 4*z - 6*z. Let t be b(z). Let u = 987 - t. Is u a prime number?
True
Let b = -551 - -589. Suppose b*p = 31*p + 120673. Is p a composite number?
False
Suppose 14*y + 84 = 28*y. Suppose 4*a - 6848 = -3*f, 0 = -4*f + y*f - 8. Is a prime?
True
Let d(j) = 100*j + 9. Let q(g) = 5*g**3 + g**2 - 5*g + 4. Let u be q(3). Let i = u - 119. Is d(i) composite?
False
Suppose 2*q = -3*y + 226005, 67*q + 376685 = 5*y + 72*q. Is y composite?
True
Suppose -14*s + 15*s - 14137 = -2*w, -4*s + 56569 = w. Is s prime?
True
Let w(o) = 361*o**3 + 2*o**2 + 2*o + 41. Is w(8) prime?
False
Suppose 0*d = -3*u - 3*d - 11193, -3*u = 4*d + 11195. Let a = 5047 - u. Suppose 2*r = 10*r - a. Is r a prime number?
True
Let g(t) = -t + 48. Let a be g(46). Suppose 0*n - 5*w + 10379 = n, a*w = 4*n - 41472. Is n a prime number?
True
Let w = -745 + 1097. Let g be w/128 - 6/8. Suppose 0 = 4*s + g*j - 1196, -j = 5*s - 3*j - 1486. Is s composite?
True
Suppose 0 = -4*j + 5*o - 248 - 131, 6*o = 3*j + 291. Let n(s) = s**3 + 7*s**2 - 6*s - 2. Let z be n(-4). Let q = z - j. Is q a prime number?
False
Let o(c) be the first derivative of -235*c**2/2 + 69*c + 25. Is o(-16) a prime number?
False
Suppose -193 = -18*k - 103. Let h(f) = f**3 - 5*f**2 - 6*f - 10. Let i(v) = v**3 - 5*v**2 - 6*v - 9. Let q(s) = 6*h(s) - 7*i(s). Is q(k) prime?
False
Suppose 63263 = -2991*j + 3032*j. Is j prime?
True
Suppose 2*w - 390 = -378. Suppose 2*z + w = 0, 28*t = 30*t + z - 34579. Is t a prime number?
True
Let a = 2052 - -213. Let x = -376 + a. Suppose 2*g + 1778 = 5*n - 113, 5*n = 3*g + x. Is n prime?
True
Let z(t) = -197*t + 135. Suppose 5*q + 58 = -b, 0 = -8*b + 6*b - q - 80. Is z(b) a prime number?
True
Suppose 156*m = 106*m + 3794150. Is m a composite number?
False
Let w(c) = 4846*c + 15. Is w(8) a composite number?
False
Suppose -5*z + 2272 + 230 = 2*q, -2 = -z. Let t = q - -3025. Is t a prime number?
True
Suppose 5*w - 1741 = -5*i - 9621, 5*w = -i - 7864. Let u = -1068 - w. Let f = 850 - u. Is f composite?
True
Let j(u) = -u**2. Let x(m) = -m**3 - 5*m**2 + 41*m + 23. Let p be 2 + -4 - 15/(-5). Let f(q) = p*x(q) + 2*j(q). Is f(-16) a prime number?
False
Let a = 25 - 56. Let g be (-44)/(-10)*175/28*20. Let q = g + a. Is q prime?
False
Suppose 0 = 7*p - 3204 - 968. Let u be ((4 - 1) + p)*1. Is (-16)/24 + u/3 a prime number?
True
Let d(m) = 2*m - 17. Let l be d(11). Suppose -2203 = 5*h + p, 3*h - l*p = -785 - 520. Let w = -237 - h. Is w composite?
True
Let v = -239410 - -553899. Is v composite?
True
Suppose 2*a - 1016 = -120. Suppose 0 = -p - 285 + 1020. Let s = p - a. Is s a composite number?
True
Suppose 4*m - 5*m + 3*n = -12, 4*m - 22 = -n. Let c(d) be the second derivative of 19*d**3/2 - 15*d**2/2 + 2*d - 92. Is c(m) a prime number?
False
Let g be 302/3 + (-3)/27*-3. Suppose -4853 = -102*b + g*b. Is b composite?
True
Is (-1 + 4)*(-365614)/(-186) a composite number?
False
Let r(m) = -6*m + 1. Let i(b) = -96*b + 83. Let o(s) = -i(s) + 4*r(s). Let t = -21 - -37. Is o(t) a composite number?
True
Suppose 2283627 = 5*z + 2*q, -q + 973186 = 4*z - 853718. Is z a composite number?
False
Suppose b = -2 + 24. Suppose 0 = -4*f + b - 2. Suppose -z - 4*z + 1263 = 4*k, -5*z - f*k = -1265. Is z prime?
True
Suppose t + 18 = 3*t - 4*n, 27 = 5*t - n. Suppose t*y + 17 - 7 = 0. Is (-2)/(y/(-1636)*-4) prime?
True
Let y = -92898 + 184631. Is y prime?
True
Suppose -n + 10947 = -5*f + 2769, -3*n + f + 24576 = 0. Suppose 0 = -5*y - 4*r + 25, 5*y + 3*r = 2*r + 25. Suppose 0 = -2*u - 2 - 6, y*i - n = 2*u. Is i prime?
True
Suppose -261 + 69 = -8*o. Suppose 11*w + 4121 = o*w. Is w prime?
True
Suppose -19*a = -17*a. Suppose 3*m = 4*b - 17552, 13167 = 3*b - a*b - 3*m. Is b prime?
False
Let f(x) be the first derivative of 12 + 13/3*x**3 - 16*x + 1/2*x**2. Is f(5) prime?
False
Is -1*4*-19794 + 144/144 prime?
False
Suppose 14*v - 12*v = 14. Suppose v*g - 10 = 2*g. Suppose 1055 = g*t + 57. Is t a prime number?
True
Let l be ((-90)/(-8))/((-1)/((-32)/12)). Let m = -32 + l. Is (-80 + m)*-62*3/12 prime?
False
Let h(p) = 58*p + 1. Let n(y) = -5*y - 1. Let j be n(-3). Suppose 2*i = 5*x + 10, 2*i = 4*x - 0*x + j. Is h(i) a prime number?
False
Suppose -13 = -4*b - m, 3*m - 3 = -0. Let x be 3/(9/48*(-12)/b). Let u(r) = -15*r + 14. Is u(x) a prime number?
False
Let i = -851 - -3255. Suppose -27*n + 9 + 72 = 0. Suppose 4*z + 857 = 3*u - 592, 5*u - i = n*z. Is u a composite number?
False
Suppose 5*y - 3*u - 1 = -0*y, 4*y + 5*u = 23. Let z(x) = -19*x**3 + 3*x - 5. Let t be z(y). Let l = t - -270. Is l prime?
False
Let q(j) = 111*j**3 + 2*j**2 - 13*j + 6. Let i be q(6). Suppose 0 = -y + 2*c + 5526 + 18459, -c + i = y. Is y a prime number?
False
Let j be 70*(-5)/10*-2*4. Let b be j/63 + (-4)/9. Suppose 0 = 5*p - o - 794, 203 + 588 = 5*p - b*o. Is p composite?
True
Suppose -3*y - 5*d + 36